+ 3*y - 23, -3*r + 3*y + 69 = 0. Suppose 3*g - 7 = 11. Calculate the remainder when r is divided by (g/4)/((-6)/(-32)).
7
Suppose i + 3*i - 29 = 5*g, 0 = -4*i + 4*g + 28. What is the remainder when 18 is divided by i?
0
Suppose -y + l + 2*l + 19 = 0, -29 = -3*y - 5*l. Calculate the remainder when 38 is divided by y.
12
Let j = 13 - 8. Suppose -j*a + 13 = -2. What is the remainder when 88/a + 1/(-3) is divided by 15?
14
Let d = 66 - 40. Calculate the remainder when 101 is divided by d.
23
Let w = -50 - -57. What is the remainder when 74 is divided by w?
4
Suppose 0*a + 66 = 6*a. Calculate the remainder when a is divided by 7.
4
Suppose -5*t + 48 = -t. What is the remainder when 5 is divided by 52/t - 2/6?
1
Let z = 19 + -7. Calculate the remainder when 33 is divided by z.
9
Let j be (-3 - -2)/(2/(-6)). Suppose -81 + 6 = -j*g. What is the remainder when g is divided by 10/(-45) + (-83)/(-9)?
7
Let i(d) = -d - 1. Let n be i(-1). Calculate the remainder when 4 + (1 - n - 2) is divided by 2.
1
Calculate the remainder when 26 is divided by 5 - ((-28)/(-21) - 4/(-6)).
2
Suppose 3*w + 6 = -3. Calculate the remainder when w*22/(-9)*3 is divided by 12.
10
Suppose -1497 = -10*w - 157. Calculate the remainder when w is divided by 17.
15
Let j = -81 - -93. What is the remainder when 45 is divided by j?
9
Suppose -11 = -w - y, -2*w - 8 = 4*y - 28. Suppose 54 = 2*z - 66. Suppose -20 = 5*a, -2*o + 3*a + z = 5*a. Calculate the remainder when o is divided by w.
10
Let j be (-3)/(-12) - (-15)/4. Calculate the remainder when (j/(-5))/((-4)/70) is divided by 4.
2
Calculate the remainder when -1*-23*2 + -3 is divided by 11.
10
Suppose h + 863 = 5*i, 2*i + 2 = 4*h + 358. Calculate the remainder when i is divided by 59.
54
Let k = -14 + 30. Let w be 60/14 + 2/(-7). What is the remainder when k*(2/w)/1 is divided by 5?
3
Suppose 5*t + 3 = -3*a, 0 = -3*a + 6*t - 4*t + 18. Suppose -2*i = -6 - a. What is the remainder when 14 is divided by i?
4
Let r(s) = -12*s - 90. Calculate the remainder when r(-9) is divided by 10.
8
Let m(g) = -3*g**2 - 2*g**2 - g**3 - 3*g**2 + 7*g**2. Let v be m(-3). Calculate the remainder when 23 is divided by 12/((v/(-4))/(-3)).
7
Suppose -5*w + 0 = 25, -4*w = -q + 50. Calculate the remainder when 119 is divided by q.
29
What is the remainder when 165 is divided by (-5)/(-40)*-2 + (-676)/(-16)?
39
Suppose 4*u + 3*u = 77. What is the remainder when 43 is divided by u?
10
Suppose 0 = -l - 4*x + 24, 0*l + 36 = 4*l + x. Calculate the remainder when l is divided by 4.
0
Let y(s) = s**3 + 11*s**2 + 11*s + 13. What is the remainder when 9 is divided by y(-10)?
0
Let p(g) = -g**3 + 7*g**2 + 10*g - 11. Let m be p(8). Suppose -156 - 39 = -m*s. Calculate the remainder when s is divided by 10.
9
Let p(u) = 2*u**2 - 9*u. Suppose 5*t - 204 = t. What is the remainder when t is divided by p(6)?
15
Let f(d) = -d**3 - 6*d**2 - 4*d + 5. Let h be f(-5). Suppose 2*u - 10 - 8 = h. Calculate the remainder when 25 is divided by u.
7
Suppose -n + 4*n - 54 = 0. Suppose 3 + 30 = h. Suppose 4*a = u - 37, u - 2*u + 5*a = -h. What is the remainder when u is divided by n?
17
Let m(l) = l - 3. Let y(j) = -2*j + 4. Let d(f) = 3*m(f) + 2*y(f). What is the remainder when (-1 - 1)/((-2)/11) is divided by d(-5)?
3
What is the remainder when -19*((1 - 4) + 0) is divided by 12?
9
Suppose 17 = c - 2*c - 5*p, 0 = 2*c + 2*p + 10. What is the remainder when (-4)/2*59/c is divided by 15?
14
Let g = 17 + 2. Suppose 2*n = -2*o + 35 - 5, -2*o - 4*n + 40 = 0. What is the remainder when g is divided by o?
9
Let l = -36 + 57. Calculate the remainder when l is divided by 12.
9
Let w = -86 - -104. Calculate the remainder when w is divided by 5.
3
Suppose -4*p + 40 = -12. Calculate the remainder when 23 is divided by p.
10
Let j = 5 + -1. Suppose -13 + 5 = -j*k. What is the remainder when k is divided by (3/2)/(18/24)?
0
Calculate the remainder when 39 is divided by ((-56)/(-35))/(2/25).
19
Suppose -4*t - 5 + 17 = -2*w, 3*t - 16 = -2*w. Suppose -2*r + 14 = 5*g - 0*g, -w*g = r - 6. Calculate the remainder when 6 is divided by r.
0
Let g(w) = -w + 5. Let a be g(0). Suppose 2*b - a*m - 11 = 0, -2*m = 3*m - 15. What is the remainder when 25 is divided by b?
12
Suppose -26 = -5*y + 4*i + 30, 2*i + 8 = 0. Let u = -3 + 5. What is the remainder when (2 - -37)*u/6 is divided by y?
5
Let b(v) = 2*v**2 + 5*v - 4. Let w be b(-5). Suppose -3*a = 2*i - 2, -w = a - 5*a + i. Suppose 5*j = a*j + 13. What is the remainder when 25 is divided by j?
12
Let s = 4 + -9. Let m = s + 10. Let t(b) = -b + 28. Calculate the remainder when t(15) is divided by m.
3
Suppose 4*b - 64 + 0 = -3*s, -5*s + 5*b = -60. Calculate the remainder when s is divided by 8.
0
Let u = 49 - 27. What is the remainder when u is divided by 4?
2
Let d be 2/(-9) + 2976/27. Suppose j = 5*p - j - d, 4*j = 20. Calculate the remainder when p is divided by 9.
6
Let v(k) = -k + 10. Let l(c) = -2*c + 9. Let u be l(6). Let x be (-8)/18*u*6. Calculate the remainder when v(x) is divided by 1.
0
Let t(u) = 3*u**2 - u**3 - 94 + 2*u**3 - u**2 - u**2. Let s be t(0). Let a = -67 - s. What is the remainder when a is divided by 10?
7
Suppose 3*c + 0*c = 51. Suppose -12*x + 160 = -7*x. Calculate the remainder when x is divided by c.
15
Suppose 3*w + 4*d = 44, -3*w + 25 = -d + 6. Let b = -11 + 16. Suppose b*s = -6 + 81. Calculate the remainder when s is divided by w.
7
Let q = 0 - -2. Suppose -2*n - 6 = 3*c, -3*c = -n + 9 - 3. Suppose u - 4*b + 3 = -0*u, n = -2*u - 2*b + 14. What is the remainder when u is divided by q?
1
Suppose -2*u = -3*u + 13. What is the remainder when u is divided by 2 - 50/(-14) - (-8)/(-14)?
3
Let j = 11 + -8. Let t(f) be the second derivative of -f**5/20 - 13*f**4/12 + 13*f**3/6 - 3*f**2 + 4*f. Calculate the remainder when t(-14) is divided by j.
2
Let z(f) = -2*f + 6. Let g be z(4). Let v = 9 + g. Let t(o) = o - 1. Calculate the remainder when 10 is divided by t(v).
4
Let v(q) = -q**3 + 11*q**2 + 26*q + 12. What is the remainder when 43 is divided by v(13)?
7
Suppose -40 = -f - f. Let l(w) = 3*w - 4. Calculate the remainder when f is divided by l(5).
9
Suppose -30 = 2*p - 7*p - 3*y, -26 = -4*p - 2*y. Calculate the remainder when 35 is divided by p.
8
Let v = -103 + 148. Calculate the remainder when v is divided by 24.
21
Suppose 3 = -w, 0 = -6*i + 2*i - 3*w + 399. Suppose -4*l + 3*z + 0*z = -116, -2*l - 3*z + 40 = 0. Calculate the remainder when i is divided by l.
24
Let h(t) = -t**2 - 5*t - 1. Let s(v) = v**2 + 5*v + 5. What is the remainder when s(-5) is divided by h(-4)?
2
Let w = 0 + 5. Let r = 47 + -33. What is the remainder when r is divided by w?
4
Calculate the remainder when 2/3 + 37/3 is divided by 4.
1
Let k(u) = 13*u**2 + 2*u - 1. Calculate the remainder when k(2) is divided by 12.
7
Suppose -3*g + 57 = -j, 2*g + 3*j - 22 = 5. Calculate the remainder when (-156)/(-3) + 0/(-1) is divided by g.
16
Suppose -5*u - 23 = -118. What is the remainder when u is divided by 5?
4
Let a = -65 - -97. Calculate the remainder when a is divided by 6.
2
What is the remainder when (95 + -1)*1/2 is divided by 16?
15
Let q(z) = -z**3 + z**2 + 3*z - 1. Let d be q(2). Let b be (-3)/(2 + d) - -4. Suppose -b*u - 15 = -8*u. Calculate the remainder when 8 is divided by u.
2
Let v(i) = -i**3 - 10*i**2 - 3*i - 4. What is the remainder when 74 is divided by v(-10)?
22
Suppose o + 3*o - 104 = 0. Calculate the remainder when 51 is divided by o.
25
Calculate the remainder when ((-1)/(-1))/((-1)/(-5)) is divided by 4.
1
Let o = 9 - -5. Calculate the remainder when o is divided by ((-10)/3)/((-8)/12).
4
Let f be ((-68)/10)/(3/(-15)). Suppose -3*p + f = -p. What is the remainder when 65 is divided by p?
14
Suppose l = 6*l - w - 192, l = 4*w + 46. What is the remainder when 189 is divided by l?
37
Suppose -2*h = 4*n + 152, -4*h + 21 = 2*n + 97. Let l = -19 - n. Calculate the remainder when 36 is divided by 0 - (-2)/(2/l).
17
Suppose -12*c + 127 = -509. What is the remainder when 155 is divided by c?
49
Suppose 5 = -4*v + 113. Suppose -2*a + 2 = -4. Suppose -a*g + 261 = v. Calculate the remainder when g is divided by 20.
18
Let f(t) = -3*t**2 + t + 2. Let x be f(-2). Let u = 17 - x. Calculate the remainder when u is divided by 10.
9
What is the remainder when (1